s 5 a factor of p?
False
Let q be ((-8)/20)/((-1)/10). Suppose -a + 60 = -0*a + q*l, l = 4*a - 172. Does 11 divide a?
True
Let u = -1345 + 2275. Is 15 a factor of u?
True
Let v(z) = -3*z**3 - 3*z**2 - 5*z - 8. Let u be v(-2). Let r = u + -5. Does 9 divide r?
True
Let t(u) = u**3 + u**2 - 12*u - 6. Is 2 a factor of t(4)?
True
Let x = -14 - -14. Let h be -15*(x + (-12)/20). Suppose -7*z - 76 = -h*z. Is 19 a factor of z?
True
Let r be (-6)/((4 - 3)*-2). Suppose -6*b - 5*i = -b - 30, -r*b + 10 = i. Suppose b*t = -2*t + 344. Does 11 divide t?
False
Let j(w) = w**3 + 2*w**2 + 1. Let n be j(-2). Suppose -1 = b + n. Is (12 + b)*(-38)/(-5) a multiple of 34?
False
Let w be 6/4*4/2. Let r be -2*(-9)/(-6) + w. Does 12 divide 48 - (r/3 + 0)?
True
Let i(o) = -o**3 + 4*o**2 + o + 1. Let g be i(4). Suppose -5*s + 4*b = -172, -s + g*b - b + 44 = 0. Is s a multiple of 10?
False
Let s be ((-63)/(-45))/((-1)/(-5)) + -2. Suppose -4*n + 11 = -3*n - 5*r, -s*n + 118 = -4*r. Is 13 a factor of n?
True
Suppose 3*n + 1329 = f, -8*f = -12*f - n + 5264. Does 35 divide f?
False
Let s = -752 + 1179. Is 61 a factor of s?
True
Let b(z) = -z**2 - 15*z + 46. Is b(-16) even?
True
Let l(c) = 7*c**3 + c**2 - 2*c + 10. Does 32 divide l(4)?
False
Let r = -1937 - -3960. Is r a multiple of 157?
False
Let c = -112 + 111. Is (41 - -2) + (c - 0) + 0 a multiple of 4?
False
Let t(r) be the second derivative of r**5/20 - r**4/3 + r**3/6 - 4*r**2 - 10*r. Suppose q - 7 + 2 = 0. Is 7 a factor of t(q)?
False
Let z be (16/(-28))/(0 - 2/14). Let u = -4 + 9. Suppose -l - u*i + 11 = 0, -4*l + 71 = -l - z*i. Is l a multiple of 5?
False
Suppose 4*y - 1579 + 374 = -3*s, 604 = 2*y + 2*s. Does 7 divide y?
False
Suppose 0 = 2*b + 8, 3*f + 6*b - 377 = 2*b. Is 17 a factor of f?
False
Suppose -627 = -4*s + u - 4*u, 307 = 2*s - 5*u. Suppose 2*h - 12 = 2*i, -i - 3 = -3*h + 17. Suppose h*a - 10*a + s = 0. Is 7 a factor of a?
False
Suppose 2030 = -57*v + 64*v. Is v a multiple of 11?
False
Suppose 26*w - 3511 = 1377. Does 13 divide w?
False
Let x be 4/(-10) + (-14)/(-10). Let a(k) = k**3 + 31*k - 30*k + 5*k**2 - 1 - x. Is 4 a factor of a(-2)?
True
Suppose 85*n + 2*p = 84*n + 184, -177 = -n + 5*p. Does 13 divide n?
True
Let b(m) = m**2 + m - 1. Let w(x) = -5*x**2 + 7*x + 22. Let h(r) = -3*b(r) - w(r). Is h(10) a multiple of 8?
False
Let l = -9 + 6. Let d be 1*-1*l/1. Suppose d*f = 54 + 3. Does 9 divide f?
False
Suppose 0 = 7*c + 7 - 105. Let r(x) = x - 23. Let k(m) = 22. Let i(h) = 3*k(h) + 2*r(h). Is i(c) a multiple of 16?
True
Suppose -h = 3*i - 174, -4*h + 5*i - 441 = -1171. Is h a multiple of 20?
True
Let b(r) = r**3 + 10*r**2 + 12*r - 6. Let k = -29 - -21. Is b(k) a multiple of 13?
True
Let k(r) = -r**2 - 7*r + 2. Let h be 2*5/(-4)*-2. Let v(j) = j**3 - 6*j**2 + 6*j - 10. Let i be v(h). Is 10 a factor of k(i)?
False
Suppose -22*t + 1109 = -10023. Does 11 divide t?
True
Suppose 10*x - 6*x = 0. Suppose 5*f = 5*d + 520, 2*f - 3*f - d + 94 = x. Is f a multiple of 23?
False
Let i(u) be the first derivative of u**3/3 + u**2/2 + 2*u + 4. Let l be i(-2). Suppose -t = l - 10. Does 6 divide t?
True
Let b be (-6)/15*(-25)/10. Suppose 2*v + 5*x = 3*x + 50, -x + b = 0. Suppose m + 164 = 5*q + 2*m, 0 = q - 2*m - v. Is 19 a factor of q?
False
Suppose 0 = 6*p - 3*p + m - 15, 0 = 4*m. Suppose -12 = p*v - 52. Is v a multiple of 4?
True
Suppose -3*z + 3*p = -15, 3*z = 6*z + 4*p - 22. Does 12 divide -120*(2 + z*(-4)/10)?
True
Suppose 2*t = t + 612. Is t a multiple of 36?
True
Is (-1)/(-1) - (-281 - 30) a multiple of 24?
True
Let l(i) = -2*i**3 - 4*i**2 - 6*i - 10. Let c be l(-5). Suppose 9*a = 4*a + c. Is a a multiple of 34?
True
Does 19 divide ((-439)/3)/(-13 + 932/72)?
False
Is 8 a factor of 13/((-390)/(-8232))*(1 + 9)?
True
Is 65 a factor of 3*(-4)/20 - 8784/(-15)?
True
Let l(h) = 4*h - 3. Let g be l(5). Suppose -z - g = -4*j - 0*j, 3*z + 35 = 4*j. Does 10 divide (-3)/(1*z)*30?
True
Suppose -156 = -4*j - n, -59*j + 56*j + n = -110. Does 14 divide j?
False
Let m(a) = -4*a - 3. Let n be m(-5). Suppose n = 4*q - 159. Is 22 a factor of q?
True
Suppose -2294 = -4*a - 3*n, 0*a - 2883 = -5*a + 4*n. Is a a multiple of 8?
False
Suppose -791 = -c - 641. Does 30 divide c?
True
Let q(i) = 3*i - 27. Let z be q(9). Suppose z = -m + 5*k + 35, -3*m - 4*k = -2*m - 53. Is m a multiple of 32?
False
Suppose -3*c - 351 = -2*l, 3*c + l + 113 = -247. Let y = -61 - c. Suppose -5*g + y = 4*u, 3*g - u = g + 31. Is 14 a factor of g?
True
Suppose -n + 26 = 4*w, 4*w = -n - 2*w + 26. Is 26 a factor of n?
True
Let k be 46 - 1 - (-3 - -5)/2. Let s = k - 23. Is 3 a factor of s?
True
Let g(b) = -50 + 16*b - 8*b - 3*b. Is g(34) a multiple of 20?
True
Let r be -1 - (-3 - (-43 - 3)). Is (r - 10)*((1 - 0) + -2) a multiple of 19?
False
Suppose x = 3*y - 429, -5*y + 0*y - 4*x + 715 = 0. Is y a multiple of 7?
False
Suppose -3*p + 3*k + 32 = -106, 4*p = k + 190. Is p a multiple of 48?
True
Let f be (-93)/(-3)*(-9)/9. Let m = f + 49. Is 9 a factor of m?
True
Suppose -d + 7 = -5*s, -3*d - d = -s + 10. Let f(g) = -10*g - 1. Let p(n) = -47*n - 6. Let c(q) = -2*f(q) + p(q). Is c(d) a multiple of 13?
False
Let o = 10 - 19. Let y = 14 + o. Let u(x) = -x**3 + 6*x**2 - x - 4. Is u(y) a multiple of 3?
False
Let a = 3 - -7. Suppose 3*w - 10 = -2*i + 9, -2*w = -a. Suppose i*c - 22 - 40 = 0. Does 13 divide c?
False
Let z(r) = r**2 + r + 3. Let y be z(0). Let o be 12*2*y/(-12). Is (o*1)/2 - -12 a multiple of 8?
False
Let c = 36 + -36. Suppose -5*n + 1006 - 81 = c. Is 37 a factor of n?
True
Let i = -1359 + 2787. Is i a multiple of 17?
True
Let m = 3 - 280. Let x = m + 445. Does 24 divide x?
True
Suppose 0 = -50*x + 45*x + 1000. Is 6 a factor of x?
False
Let v be -93*(3 + (-14)/3). Let t be (-2)/10 + 91/5. Suppose -v = -t*n + 13*n. Does 15 divide n?
False
Let r = -46 - -102. Let h(y) = -4*y**2 - 6*y. Let g be h(-4). Let q = g + r. Is q a multiple of 4?
True
Suppose -d = -2*m - 260, 2*d - 510 = -4*m + 3*m. Does 5 divide d?
False
Suppose 0 = -3*t + 5*c + 1211, 2*t + 11*c - 6*c = 824. Is 12 a factor of t?
False
Let q(o) = o**2 - 4*o + 11. Suppose 0 = -3*m - 0*m - 3. Let y be (0 - m)*(-5)/(-1). Is q(y) a multiple of 15?
False
Let y(z) = -z**2 + 10*z + 5. Let l be y(10). Let g = l - 3. Suppose g*c + 124 = 4*c. Does 21 divide c?
False
Suppose n - 2534 = -5*r, -5*n + 0*n = -r + 512. Is 13 a factor of r?
True
Let t = -17 - -19. Suppose -3*j + 298 = -5*d, 2*j - 4*d - 408 = -t*j. Is 25 a factor of j?
False
Suppose 5*q = 8*q - 84. Let h = -6 - q. Let b = 52 + h. Is 3 a factor of b?
True
Suppose 3*b - 15 = 36. Does 4 divide b + 4/4 - 2?
True
Suppose 50 = -0*h - 2*h. Let j = 25 + h. Suppose 4*b + 59 - 235 = j. Is 22 a factor of b?
True
Suppose 5*t + 22*t = 64908. Is t a multiple of 23?
False
Let h(i) = 2*i - 5*i - 5 + 0*i**2 - i**2 + 4*i**2. Let v be h(-3). Suppose q = v + 6. Is q a multiple of 13?
False
Suppose -21 = -h - 19. Suppose i - 6 = -2*i. Suppose -4*n - 82 = -h*y, 0 = 2*y - 0*n + i*n - 94. Is y a multiple of 15?
True
Suppose -219 = -2*y + 3*n, 3*y - 316 = 4*n - 2*n. Let z = -77 + y. Is z a multiple of 25?
True
Suppose -2*c + 6 = 0, -2*l = l - 2*c. Suppose 90 = 7*h - l*h. Is h a multiple of 6?
True
Let k(i) = -i**3 - 7*i**2 - 4. Let o be k(-7). Let f be (o - (2 + -5)) + 120. Suppose 0 = -5*h + 6*x - 3*x + f, -4*x - 100 = -4*h. Is 13 a factor of h?
False
Suppose 4*l - 5 = 2*s - 3, 4*s - 4 = 4*l. Suppose l*x + 0*x - 40 = 0. Does 3 divide x?
False
Let q = 2 + 5. Suppose 0 = 3*r + 14 + q. Let s(m) = m**2 + 3*m - 8. Is 20 a factor of s(r)?
True
Let p(b) = 7*b**2 - 8*b - 56. Is 44 a factor of p(-4)?
True
Let u(k) = -19*k. Suppose 0 = 8*x + 9 - 1. Is u(x) a multiple of 9?
False
Is 288 + -11 + -3 + 8 a multiple of 26?
False
Suppose -9*z = 2*z - 1320. Suppose -10*a = -5*a - z. Does 8 divide a?
True
Let i be 1 + (-6)/(-3) - -79. Suppose i = d + 4*t, -6 + 16 = 2*t. Is d a multiple of 14?
False
Let r(g) = 49*g**2 + 6*g - 5. Let k(h) be the second derivative of 49*h**4/4 + 17*h**3/6 - 7*h**2 - 2*h. Let x(o) = 6*k(o) - 17*r(o). Is x(-1) a multiple of 25?
True
Let s(j) be the second derivative of -j**5/40 + j**4/12 - 2*j**3/3 - 2*j. Let k(l) be the second derivative of s(l). Is k(-7) a multiple of 16?
False
Let s = 33 - 47. Let p = s + 23. Is p - 2*(2 - 0) a multiple of 4?
False
Suppose 3*y + 5*i